6 divide 1888?
True
Does 5 divide 769?
False
Does 11 divide 1279?
False
Is 9 a factor of 6921?
True
Does 5 divide 425?
True
Is 20 a factor of 160?
True
Is 36 a factor of 504?
True
Does 48 divide 1819?
False
Is 1704 a multiple of 24?
True
Is 20 a factor of 3308?
False
Does 23 divide 299?
True
Is 10 a factor of 578?
False
Is 5302 a multiple of 109?
False
Is 12 a factor of 552?
True
Is 7 a factor of 37786?
True
Does 127 divide 8636?
True
Is 3286 a multiple of 31?
True
Does 18 divide 1062?
True
Is 324 a multiple of 62?
False
Does 9 divide 1634?
False
Is 40 a factor of 2855?
False
Is 420 a multiple of 35?
True
Does 25 divide 2008?
False
Does 31 divide 31?
True
Is 176 a multiple of 20?
False
Does 29 divide 2900?
True
Is 539 a multiple of 30?
False
Is 4580 a multiple of 53?
False
Is 8700 a multiple of 60?
True
Is 10959 a multiple of 14?
False
Is 2128 a multiple of 133?
True
Does 36 divide 1194?
False
Does 21 divide 105?
True
Does 11 divide 508?
False
Does 3 divide 42007?
False
Is 74 a factor of 1480?
True
Is 10 a factor of 227?
False
Does 57 divide 2166?
True
Is 7820 a multiple of 92?
True
Does 67 divide 335?
True
Is 752 a multiple of 7?
False
Does 26 divide 4747?
False
Is 2923 a multiple of 18?
False
Does 12 divide 2309?
False
Is 23874 a multiple of 138?
True
Is 161 a factor of 2388?
False
Does 14 divide 1750?
True
Does 19 divide 15995?
False
Does 4 divide 3308?
True
Is 7400 a multiple of 20?
True
Is 8 a factor of 4352?
True
Is 29016 a multiple of 104?
True
Is 61763 a multiple of 14?
False
Does 32 divide 320?
True
Does 13 divide 6162?
True
Is 38 a factor of 533?
False
Is 4116 a multiple of 42?
True
Is 3834 a multiple of 27?
True
Is 184 a factor of 5898?
False
Does 5 divide 207?
False
Does 52 divide 1894?
False
Is 78 a factor of 51242?
False
Is 15 a factor of 122?
False
Does 88 divide 7128?
True
Does 27 divide 2268?
True
Is 79 a factor of 6636?
True
Is 13 a factor of 5473?
True
Is 566 a multiple of 23?
False
Is 15 a factor of 4835?
False
Is 9 a factor of 1764?
True
Is 252 a multiple of 4?
True
Is 128 a multiple of 2?
True
Is 26 a factor of 743?
False
Is 66 a factor of 144?
False
Does 19 divide 3862?
False
Does 3 divide 884?
False
Is 870 even?
True
Is 20440 a multiple of 73?
True
Does 128 divide 63744?
True
Is 14 a factor of 952?
True
Does 134 divide 28944?
True
Does 24 divide 74736?
True
Is 32 a factor of 928?
True
Is 40 a factor of 4753?
False
Is 440 a multiple of 6?
False
Is 52 a factor of 1226?
False
Is 28019 a multiple of 137?
False
Is 3976 a multiple of 60?
False
Does 16 divide 35744?
True
Is 22 a factor of 519?
False
Is 46 a factor of 1092?
False
Is 4 a factor of 195?
False
Is 37 a factor of 178466?
False
Is 35380 a multiple of 29?
True
Is 2108 a multiple of 4?
True
Is 300 a multiple of 24?
False
Is 15 a factor of 1515?
True
Does 19 divide 3002?
True
Is 9 a factor of 693?
True
Does 38 divide 7448?
True
Does 16 divide 2338?
False
Does 32 divide 512?
True
Is 23 a factor of 22747?
True
Is 1755 a multiple of 13?
True
Is 4 a factor of 2826?
False
Is 65019 a multiple of 13?
False
Does 4 divide 664?
True
Is 15068 a multiple of 22?
False
Is 4840 a multiple of 44?
True
Does 20 divide 3600?
True
Does 181 divide 21059?
False
Does 5 divide 31?
False
Does 24 divide 938?
False
Does 3 divide 7698?
True
Is 4312 a multiple of 88?
True
Is 8707 a multiple of 76?
False
Is 11 a factor of 4646?
False
Is 45 a factor of 7695?
True
Is 229 a factor of 29770?
True
Does 155 divide 18826?
False
Does 22 divide 15410?
False
Is 5753 a multiple of 9?
False
Is 9 a factor of 315?
True
Does 2 divide 1203?
False
Does 24 divide 374?
False
Does 10 divide 850?
True
Is 27 a factor of 27?
True
Is 21 a factor of 23675?
False
Does 31 divide 24313?
False
Is 1477 a multiple of 7?
True
Does 7 divide 114?
False
Is 7 a factor of 252?
True
Is 5 a factor of 341?
False
Does 15 divide 75?
True
Does 40 divide 21917?
False
Does 16 divide 1152?
True
Does 76 divide 3344?
True
Is 13 a factor of 1917?
False
Does 7 divide 8946?
True
Does 31 divide 434?
True
Is 6 a factor of 18227?
False
Is 9 a factor of 324?
True
Is 19 a factor of 11571?
True
Is 31 a factor of 2821?
True
Does 35 divide 1166?
False
Is 33 a factor of 14091?
True
Does 38 divide 2888?
True
Is 18 a factor of 7699?
False
Does 16 divide 416?
True
Does 38 divide 10336?
True
Is 132466 a multiple of 140?
False
Does 47 divide 5291?
False
Is 42 a factor of 159?
False
Is 1588 a multiple of 4?
True
Is 71 a factor of 20471?
False
Is 60 a factor of 1821?
False
Is 2 a factor of 187?
False
Does 11 divide 3734?
False
Is 40 a factor of 1659?
False
Is 5 a factor of 2780?
True
Is 20160 a multiple of 64?
True
Is 168 a multiple of 21?
True
Is 14 a factor of 112?
True
Does 145 divide 435?
True
Is 1618 a multiple of 101?
False
Does 22 divide 27830?
True
Is 6 a factor of 1498?
False
Is 25 a factor of 1215?
False
Is 2536 a multiple of 17?
False
Is 8 a factor of 271?
False
Does 45 divide 2250?
True
Does 18 divide 7272?
True
Is 17 a factor of 1139?
True
Is 80406 a multiple of 89?
False
Is 51 a factor of 586?
False
Is 64 a factor of 1920?
True
Is 427 a multiple of 4?
False
Does 101 divide 7979?
True
Does 41 divide 13936?
False
Does 9 divide 5247?
True
Does 7 divide 595?
True
Does 14 divide 216?
False
Is 20 a factor of 19574?
False
Does 43 divide 1774?
False
Does 10 divide 13800?
True
Does 14 divide 5094?
False
Is 29 a factor of 1456?
False
Does 79 divide 26116?
False
Does 95 divide 7600?
True
Is 152 a multiple of 3?
False
Does 18 divide 100566?
True
Is 208 a multiple of 21?
False
Is 47 a factor of 16558?
False
Does 16 divide 4560?
True
Is 21 a factor of 1694?
False
Is 22 a factor of 3822?
False
Does 27 divide 14263?
False
Does 19 divide 125989?
True
Is 56 a factor of 2520?
True
Is 58 a multiple of 13?
False
Does 74 divide 17098?
False
Is 562 a multiple of 5?
False
Is 10586 a multiple of 99?
False
Is 14 a factor of 25802?
True
Is 3 a factor of 262?
False
Is 4 a factor of 4010?
False
Does 11 divide 392?
False
Is 10 a factor of 157?
False
Is 459 a multiple of 95?
False
Is 20112 a multiple of 12?
True
Does 12 divide 17235?
False
Does 58 divide 880?
False
Does 27 divide 1971?
True
Is 473 a multiple of 11?
True
Is 10 a factor of 16760?
True
Does 11 divide 418?
True
Is 81 a factor of 81?
True
Is 2642 even?
True
Does 13 divide 10413?
True
Is 42358 a multiple of 10?
False
Does 36 divide 7531?
False
Is 601 a multiple of 5?
False
Is 25519 a multiple of 10?
False
Is 17 a factor of 382?
False
Is 23271 a multiple of 12?
False
Is 1555 a multiple of 3?
False
Is 19 a factor of 987?
False
Is 114 a factor of 1832?
False
Does 10 divide 29485?
False
Does 61 divide 557?
False
Is 16025 a multiple of 8?
False
Does 66 divide 1750?
False
Is 20 a factor of 28140?
True
Is 2180 a multiple of 20?
True
Is 11 a factor of 72650?
False
Is 20 a factor of 1145?
False
Does 96 divide 889?
False
Is 34 a factor of 680?
True
Is 2861 a multiple of 60?
False
Is 11362 a multiple of 21?
False
Does 30 divide 1680?
True
Does 10 divide 4670?
True
Is 113 a factor of 769?
False
Is 11243 a multiple of 16?
False
Does 81 divide 2187?
True
Is 6325 a multiple of 11?
True
Is 25997 a multiple of 92?
False
Is 7597 a multiple of 82?
False
Does 35 divide 113264?
False
Is 112921 a multiple of 196?
False
Is 324 a multiple of 3?
True
Is 25 a factor of 1124?
False
Is 181 a multiple of 29?
False
Is 6880 a multiple of 40?
True
Does 5 divide 936?
False
Is 25 a factor of 2900?
True
Is 824 a multiple of 4?
True
Is 61004 a multiple of 306?
False
Is 5956 a multiple of 116?
False
Does 132 divide 5412?
True
Is 700 a multiple of 7?
True
Is 13 a factor of 1256?
False
Is 1127 a multiple of 23?
True
Is 72 a factor of 5544?
True
Is 781 a multiple of 6?
False
Is 9 a factor of 180?
True
Does 39 divide 48311?
False
Is 412 a multiple of 17?
False
Does 35 divide 26048?
False
Does 5 divide 400?
True
Is 165 a multiple of 55?
True
Is 16402 a multiple of 59?
True
Is 7 a factor of 912?
False
Does 10 divide 124768?
False
Is 14 a factor of 22956?
False
Is 232 a multiple of 3?
False
Does 3 divide 498?
True
Is 30 a factor of 16221?
False
Is 12467 even?
False
Is 55956 a multiple of 10?
False
Is 3603 a multiple of 10?
False
Is 85 a factor of 5270?
True
Is 3149 a multiple of 56?
False
Is 25 a factor of 125?
True
Is 147 a multiple of 49?
True
Does 20 divid